6). Let t(g) = g**3 + 2*g**2 - 6*g - 1. Let x be t(c). Give u(x).
-9
Suppose 2*l + 1 = 3*t + 4, 17 = -2*l - t. Let w(b) = b**2 + 6*b - 5. Calculate w(l).
-5
Let b(u) be the third derivative of u**5/60 + 5*u**3/3 + 4*u**2. Calculate b(0).
10
Let f(j) be the third derivative of j**7/1680 - j**6/60 - j**5/20 + 9*j**2. Let c(t) be the third derivative of f(t). What is c(8)?
12
Let b(i) = 2*i**3 - 4*i**2 - 2*i + 2. Suppose -10*u + 3 = 23. Calculate b(u).
-26
Let a(h) = 3*h**2 + 20*h - 8. Let d(l) = -l**2 - 7*l + 3. Let p(y) = 3*a(y) + 8*d(y). Let x(b) = -8*b + 11. Let s be x(2). Calculate p(s).
5
Let n(i) = -i**3 - i + 10. Let y = -46 - -48. Suppose 7*f - y*f = 0. Calculate n(f).
10
Suppose 3*u - 4*u = 5*k + 2, -5*u - 39 = -4*k. Let m(q) = q**3 + 8*q**2 + 8*q + 8. Let d be m(u). Let a be (-3)/d - (2 - 1). Let n(r) = r + 5. Calculate n(a).
1
Let u(j) be the first derivative of j**3/3 - 3*j**2/2 - 7*j - 51. Suppose 3*r - 5 + 15 = -5*a, 0 = -4*r + 4*a + 40. Determine u(r).
3
Let q(n) = 10 - 10 + 10*n + 12*n. What is q(-1)?
-22
Let l(y) = -2*y + 45. Let s(b) = -2*b + 31. Let u(g) = -2*l(g) + 3*s(g). Let h be 2/3*(-9)/(-3). Calculate u(h).
-1
Let b(h) = h - 5 + h - 2*h**2 + 6. Let x be (-8)/20*(-10)/2. Suppose 32 = 4*c - 3*o - x*o, 0 = -4*c - o + 8. What is b(c)?
-11
Let l(q) = 543 - q - 543. Let o be -3 + 0 + 1 + -2. Calculate l(o).
4
Let i(q) = 6*q**2 - 2*q + 4. Let d(c) = -c**3 - 1. Let v(g) = -d(g) + i(g). Calculate v(-7).
-30
Suppose a - 4*n = -12, 5*a + 3*n + 18 = 2*n. Let k(w) be the third derivative of w**6/120 + w**5/12 + w**4/6 - w**3/2 - 8*w**2 - 3*w. What is k(a)?
-3
Let x(j) be the first derivative of -j**2/2 - j - 3. Suppose -t = 3, 20*t - 15 = 3*q + 22*t. Give x(q).
2
Suppose 17 = 3*i + 2*p, -5*i + p - 6*p = -30. Let c(l) = -3*l**2 - 7*l + 7. Let v(d) = 5*d**2 + 13*d - 13. Let z(o) = 7*c(o) + 4*v(o). Give z(i).
-13
Let o(j) = 2*j - 6. Let d be o(6). Let f be ((-22)/33)/(4/d). Let w(x) = 8*x**2 - x - 1. Calculate w(f).
8
Let a(c) = -2*c**2 + 6*c - 9. Let d(u) = 5*u - 96. Let x be d(20). What is a(x)?
-17
Let k(r) = 14*r - 7. Let d(w) = -6*w + 3. Let x(u) = 5*d(u) + 2*k(u). Calculate x(6).
-11
Let o = 2047 + -2042. Let l(z) = -5*z + 9. Let s(k) = 4*k - 8. Let f(q) = 3*l(q) + 4*s(q). What is f(o)?
0
Let q(l) = -l**2 + l + 4. Let t(i) = -i**2 - 5*i - 10. Let w be t(-3). Determine q(w).
-16
Let l(f) = 2*f - 12. Let x be l(9). Let o(b) = b**2 - 5*b - 4. Let n be o(x). Suppose 3*r - n*r - 5 = 0. Let j(y) = y**2 - 6*y + 3. Give j(r).
-2
Let p(u) be the first derivative of -u**5/15 - u**4/24 + 5*u**3 - 4. Let v(d) be the third derivative of p(d). Determine v(-2).
15
Let u(j) = -j**3 + 64*j**2 - 61*j - 129. Let m be u(63). Let g(r) = r - 1. Give g(m).
-4
Let j(n) = -8*n - 62. Let m be j(-8). Let i(z) = 2*z**3 - 3*z**2 + 2*z - 3. Determine i(m).
5
Let i(b) be the third derivative of 1/2*b**3 + 1/24*b**4 + 7*b**2 + 0 + 0*b. Give i(-6).
-3
Suppose 0 = -5*k + 4*o + o, 5*k = o + 12. Let z(f) = -f**3 + 4*f**2 - 4*f - 1. Calculate z(k).
-4
Let x(a) be the third derivative of -a**6/120 + a**5/12 + a**4/4 - 2*a**3/3 + a**2. Suppose 144*s - 66 - 692 = 106. Give x(s).
-4
Suppose -6*u + u - 50 = 0. Let t = u - -17. Let k(z) = 6 - z**3 + 6*z**2 + 2*z**2 + 6*z + z**2 - 3*z**2. Give k(t).
-1
Let f(c) = 8*c + 11 - 5*c - 2*c + 0*c. Let a(p) = -p**2 - 4*p - 4. Let o be a(-5). What is f(o)?
2
Let q(v) = -v**2 - 4*v + 1. Let c be q(-3). Let z(u) = 0*u - 8 + 3*u**3 - 6*u - c*u**3 + 7*u**2. Suppose b - 5*l + l + 10 = 0, -3*b + l + 14 = 0. Give z(b).
-8
Let x = -474 + 471. Let b(y) = -5*y - 3. Calculate b(x).
12
Let i(r) = -r**2 + r + 1. Suppose 6*t + 8 = 2*t. Calculate i(t).
-5
Let w(k) = -7*k**2 + 8*k + 8. Let g(a) = 20*a**2 - 23*a - 23. Let o(l) = 6*g(l) + 17*w(l). Let b = -2 - 0. Determine o(b).
6
Let j(y) = -4*y**3 + 9*y**2 - 5*y - 6. Let x(a) = -a**3 + 2*a**2 - a - 1. Let o(l) = -j(l) + 2*x(l). Determine o(2).
6
Let l(o) be the third derivative of -o**5/120 - 16*o**3/3 - 16*o**2. Let x(b) be the first derivative of l(b). Determine x(-4).
4
Let m(j) = 5*j - 2*j + 2*j**2 - j**2. Let c = -2991 + 2987. What is m(c)?
4
Let x(p) = 213*p + 0*p**3 - 1 + 4*p**3 - 2*p**3 + 208*p - p**2 - 420*p. Determine x(3).
47
Let h(g) = -6500*g**2 + 3267*g**2 - 2*g**3 + 12*g + 3250*g**2 - 8 - g - 4. Give h(9).
6
Let j(t) = 14*t - 15 + 11*t - 27*t. Let k be j(-4). Let l(p) = -p**3 - 8*p**2 - 7*p - 6. Determine l(k).
-6
Let b(y) = y**2 + 13*y + 21. Let v = -1189 - -1177. Calculate b(v).
9
Let i(p) be the first derivative of p**3/3 + 2*p**2 - 2*p - 1. Suppose 3*n - 2*n = 4*j + 21, 1 = j + n. Give i(j).
-2
Suppose -3*u = 2*u + 50. Let v(o) = 6 - o**2 + 1331*o - 3*o**2 + 5*o**2 - 2660*o + 1339*o. What is v(u)?
6
Let d = -4 + 4. Let m be (d - -2)*(-2)/(4 + -6). Let q(j) = 2*j**2 + j. Determine q(m).
10
Let j(k) = -2*k**2 - 5*k - 6. Let a be 1*3/(-6)*-4. Let u(w) = -w + w**2 - a*w - 5*w**2 - 13 - 8*w. Let p(h) = 13*j(h) - 6*u(h). What is p(3)?
-15
Let r(w) be the second derivative of 2*w**3/3 - w**2/2 + 34*w. What is r(-5)?
-21
Let m(f) = 21*f + 23*f - 46*f - 2 + 2. Calculate m(-3).
6
Let s(o) be the third derivative of -9*o**2 - 1/24*o**4 - 2/3*o**3 + 0*o + 0. Give s(0).
-4
Let s be (0/(-1))/((-5)/((-5)/2)). Suppose s*i - 13 = 13*i. Let o(n) = 5*n + 3. Let c(b) = 5*b + 4. Let v(j) = 2*c(j) - 3*o(j). Give v(i).
4
Let g(v) = -29 + 8*v - 7*v + 52. Give g(0).
23
Suppose 16 = -125*p + 121*p. Let n(d) = -d**2 - 6*d - 7. What is n(p)?
1
Suppose 101*g = 98*g + 6. Let l(j) be the third derivative of -1/6*j**3 - 7*j**g - 1/24*j**6 + 0*j + 1/60*j**5 - 1/24*j**4 + 0. Determine l(-1).
6
Let n(q) = -q**3 + 2*q**2 - q - 1. Let y(g) be the second derivative of g**5/20 - 5*g**4/4 + g**3/6 - 13*g**2/2 + 9*g. Let w be y(15). Determine n(w).
-3
Let t(p) = -p**2 + 3. Suppose -75 + 23 = -13*a. Determine t(a).
-13
Let o(c) = c - 10. Let z(h) = 2*h**3 - 6*h**2 - 3*h - 2. Let l be z(5). Let g = l - 57. Suppose -4*j = 2 - g. Calculate o(j).
-4
Let j(c) = 2*c**2 - 6*c - 7. Let m(i) = -i**2 - 8*i + 35. Let a be m(-11). Suppose a*t + 0*n - 2*n = 18, -2*n = 4*t - 12. What is j(t)?
13
Suppose 3*n = 60 - 0. Let w be (-5)/n + 51/12. Let s(m) be the third derivative of -m**5/60 + m**4/6 + 5*m**3/6 + m**2. Calculate s(w).
5
Suppose 0 = -5*v + v + 5*o + 113, 5*v + o - 134 = 0. Let s = v - 13. Let n = s - 9. Let x(p) = p**2 - 7*p + 1. Calculate x(n).
-9
Let c = -52 + 55. Let t(i) = 248*i + 2*i**c + i**3 - 246*i - 2*i**2. What is t(2)?
20
Let f(h) be the second derivative of -1/120*h**5 + 0*h**2 - 5*h - 1/2*h**3 + 0 + 1/24*h**4 + 1/360*h**6. Let c(q) be the second derivative of f(q). Give c(3).
7
Let h be (70*-1)/(-5)*(-1)/(-2). Let j(s) = 9*s**2 - h*s**2 + 6*s - s**2. Determine j(-6).
0
Let v(l) = -l**3 - 5*l**2 - 2. Let y = 6 - 11. Let o = -4 - y. Suppose m + 2*h + o + 2 = 0, -m + 4*h - 9 = 0. Calculate v(m).
-2
Suppose 432 = -9*s + 369. Let m(x) = -x**3 - 8*x**2 - 7*x + 8. Calculate m(s).
8
Let y(k) = -k**2 - k - 1. Let s = -2 - -18. Suppose -2*l - 5*w = -23, -3*w = l - 2*l - s. Give y(l).
-1
Let x(z) = -10*z - 6. Let t be x(-9). Let v be (1/3)/((-4)/t). Let r = v - -6. Let j(y) = -4*y**3 + y**2 + y + 1. What is j(r)?
5
Let x(g) = -g + 2. Suppose -h - 2*q = 9, -2*q + 7*q + 10 = 0. Let m be -12*((-3)/9)/(h/10). Determine x(m).
10
Let t(j) = j**2 - 13*j + 8. Let s be (2 - 1)/(156/22 - 7). Give t(s).
-14
Let n(t) = t**2 - 6*t + 2. Suppose 20*y = 14*y + 18. Determine n(y).
-7
Let m(x) = -14 - x - 9 + 52 - x**2 - 17 + x**3. Calculate m(0).
12
Suppose b + 0 = 5. Let v(f) be the third derivative of -f**6/120 + f**5/10 - f**4/8 - 7*f**3/6 + 8*f**2 + 51. What is v(b)?
3
Suppose 31 = 3*o + 13. Let t(h) be the second derivative of -o*h - 3/2*h**2 + 1/12*h**4 - 1/6*h**3 + 0. Give t(-3).
9
Let t(l) be the second derivative of l**5/20 - l**4/4 - l**3 + 3*l**2 - 6*l. Let a = 9 - -1. Suppose 0 = -a*o + 5*o + 20. Give t(o).
-2
Let v(z) = -2*z - 6. Suppose 0 = -3*g + 22 - 13. Let i be (-3)/(g - 4) - -6. Let k = i + -14. What is v(k)?
4
Let m(y) = -y**2 - 7*y - 3. Let b(w) = 14*w - 4. Let h be b(0). What is m(h)?
9
Let f = 13 - 8. Let a = -2 + f. Let v(j) = 2*j**a - j**3 + 4 + 4*j - 5*j**2 - 2*j. What is v(4)?
-4
Let v(s) = -2*s + 2. Let w(a) = 15*a - 17. Let g(q) = 6*v(q) + w(q). Determine g(-4).
-17
Suppose -134 = 33*p - 35. Let u(k) = -3*